5257 is divided by 321?
317
Calculate the remainder when 1607 is divided by 622.
363
Calculate the remainder when 105 is divided by 4.
1
Calculate the remainder when 33452 is divided by 1286.
16
Calculate the remainder when 3212 is divided by 1670.
1542
What is the remainder when 12248 is divided by 5829?
590
What is the remainder when 3593 is divided by 262?
187
Calculate the remainder when 5098 is divided by 189.
184
What is the remainder when 31056 is divided by 480?
336
Calculate the remainder when 4324 is divided by 199.
145
What is the remainder when 4591 is divided by 82?
81
What is the remainder when 8377 is divided by 2766?
79
Calculate the remainder when 1608 is divided by 528.
24
Calculate the remainder when 4640 is divided by 1449.
293
What is the remainder when 76247 is divided by 61?
58
What is the remainder when 24054 is divided by 23?
19
What is the remainder when 24960 is divided by 1085?
5
What is the remainder when 287 is divided by 146?
141
What is the remainder when 751 is divided by 336?
79
Calculate the remainder when 3152 is divided by 789.
785
What is the remainder when 1388 is divided by 752?
636
What is the remainder when 531 is divided by 17?
4
Calculate the remainder when 762 is divided by 125.
12
Calculate the remainder when 73783 is divided by 232.
7
What is the remainder when 2506 is divided by 58?
12
Calculate the remainder when 37967 is divided by 94.
85
What is the remainder when 261812 is divided by 1870?
12
What is the remainder when 3920 is divided by 229?
27
Calculate the remainder when 10838 is divided by 774.
2
Calculate the remainder when 5521 is divided by 1139.
965
What is the remainder when 89166 is divided by 10?
6
Calculate the remainder when 3137 is divided by 1003.
128
What is the remainder when 4109 is divided by 110?
39
Calculate the remainder when 16219 is divided by 26.
21
Calculate the remainder when 174723 is divided by 145.
143
Calculate the remainder when 79509 is divided by 8833.
12
What is the remainder when 24523 is divided by 227?
7
What is the remainder when 39825 is divided by 23?
12
What is the remainder when 1496 is divided by 14?
12
What is the remainder when 16805 is divided by 16515?
290
Calculate the remainder when 1438 is divided by 242.
228
What is the remainder when 10942 is divided by 390?
22
What is the remainder when 31764 is divided by 15875?
14
Calculate the remainder when 48109 is divided by 144.
13
Calculate the remainder when 1595 is divided by 403.
386
Calculate the remainder when 13813 is divided by 75.
13
What is the remainder when 19130 is divided by 104?
98
Calculate the remainder when 35869 is divided by 1196.
1185
What is the remainder when 4930 is divided by 137?
135
Calculate the remainder when 219 is divided by 64.
27
What is the remainder when 563296 is divided by 279?
274
Calculate the remainder when 118539 is divided by 5644.
15
Calculate the remainder when 148883 is divided by 292.
255
What is the remainder when 911 is divided by 462?
449
Calculate the remainder when 53401 is divided by 9.
4
What is the remainder when 75108 is divided by 75107?
1
Calculate the remainder when 739079 is divided by 46.
43
Calculate the remainder when 3148 is divided by 1047.
7
What is the remainder when 10842080 is divided by 543?
542
What is the remainder when 839669 is divided by 7?
5
Calculate the remainder when 14410 is divided by 52.
6
What is the remainder when 1334 is divided by 396?
146
Calculate the remainder when 2149 is divided by 1007.
135
What is the remainder when 58615 is divided by 32?
23
Calculate the remainder when 46833 is divided by 19.
17
What is the remainder when 15424 is divided by 2470?
604
Calculate the remainder when 26067 is divided by 840.
27
What is the remainder when 839905 is divided by 148?
5
What is the remainder when 14746 is divided by 378?
4
What is the remainder when 117263 is divided by 4?
3
What is the remainder when 129081 is divided by 64515?
51
What is the remainder when 70471 is divided by 183?
16
Calculate the remainder when 213666 is divided by 118.
86
What is the remainder when 940 is divided by 466?
8
Calculate the remainder when 71888 is divided by 266.
68
What is the remainder when 6769 is divided by 539?
301
What is the remainder when 24973 is divided by 1388?
1377
What is the remainder when 23555 is divided by 52?
51
What is the remainder when 427953 is divided by 25173?
12
Calculate the remainder when 162243 is divided by 185.
183
Calculate the remainder when 348548 is divided by 309.
305
What is the remainder when 15371 is divided by 255?
71
Calculate the remainder when 16365 is divided by 22.
19
Calculate the remainder when 1302 is divided by 446.
410
What is the remainder when 12718 is divided by 4210?
88
Calculate the remainder when 662586 is divided by 220856.
18
Calculate the remainder when 783987 is divided by 128.
115
What is the remainder when 365 is divided by 119?
8
Calculate the remainder when 4148 is divided by 1023.
56
Calculate the remainder when 65448 is divided by 385.
383
Calculate the remainder when 179699 is divided by 5.
4
What is the remainder when 431896 is divided by 431882?
14
What is the remainder when 87232 is divided by 1179?
1165
Calculate the remainder when 59365 is divided by 8.
5
What is the remainder when 1734162 is divided by 801?
798
Calculate the remainder when 1571 is divided by 27.
5
What is the remainder when 38539 is divided by 73?
68
Calculate the remainder when 2901 is divided by 1575.
1326
What is the remainder when 827 is divided by 808?
19
Calculate the remainder when 1217 is divided by 597.
23
What is the remainder when 128609 is divided by 887?
881
What is the remainder when 59614 is divided by 8?
6
What is the remainder when 7255 is divided by 22?
17
Calculate the remainder when 442972 is divided by 241.
14
What is the remainder when 95469 is divided by 12?
9
Calculate the remainder when 345812 is divided by 238.
236
What is the remainder when 33170 is divided by 56?
18
What is the remainder when 58478 is divided by 140?
98
What is the remainder when 5992 is divided by 5?
2
Calculate the remainder when 5238 is divided by 536.
414
Calculate the remainder when 31160 is divided by 541.
323
What is the remainder when 10724 is divided by 1185?
59
Calculate the remainder when 73994 is divided by 25.
19
What is the remainder when 7061 is divided by 438?
53
Calculate the remainder when 76972 is divided by 17.
13
What is the remainder when 7109 is divided by 6013?
1096
Calculate the remainder when 315 is divided by 241.
74
Calculate the remainder when 79648 is divided by 179.
172
What is the remainder when 11095 is divided by 2643?
523
What is the remainder when 868 is divided by 89?
67
Calculate the remainder when 3225 is divided by 545.
500
What is the remainder when 76297 is divided by 25?
22
What is the remainder when 112831 is divided by 155?
146
What is the remainder when 399805 is divided by 6?
1
Calculate the remainder when 197946 is divided by 1070.
1066
Calculate the remainder when 881 is divided by 801.
80
What is the remainder when 150186 is divided by 103?
12
What is the remainder when 17934 is divided by 195?
189
Calculate the remainder when 2516805 is divided by 84.
81
Calculate the remainder when 9301 is divided by 49.
40
Calculate the remainder when 78486 is divided by 15.
6
Calculate the remainder when 1388 is divided by 1374.
14
Calculate the remainder when 3054 is divided by 137.
40
What is the remainder when 3839 is divided by 804?
623
What is the remainder when 107 is divided by 89?
18
Calculate the remainder when 20678 is divided by 6863.
89
What is the remainder when 10974 is divided by 2660?
334
Calculate the remainder when 130388 is divided by 562.
4
Calculate the remainder when 8262 is divided by 437.
396
What is the remainder when 2903 is divided by 95?
53
What is the remainder when 148544 is divided by 3229?
10
Calculate the remainder when 48006 is divided by 96.
6
Calculate the remainder when 24911 is divided by 408.
23
What is the remainder when 680032 is divided by 17?
15
Calculate the remainder when 15310 is divided by 56.
22
What is the remainder when 5081 is divided by 23?
21
Calculate the remainder when 2149991 is divided by 14.
11
Calculat